{"id":15,"date":"2015-07-15T19:17:35","date_gmt":"2015-07-15T19:17:35","guid":{"rendered":"http:\/\/megaodontorj.com.br\/?page_id=15"},"modified":"2018-07-22T21:25:15","modified_gmt":"2018-07-23T00:25:15","slug":"endereco","status":"publish","type":"page","link":"https:\/\/megaodonto.com.br\/?page_id=15","title":{"rendered":"Como chegar"},"content":{"rendered":"<p>\u00c9 muito f\u00e1cil. Metr\u00f4 e \u00f4nibus s\u00e3o as op\u00e7\u00f5es mais recomendadas. Estamos pr\u00f3ximo \u00e0 pra\u00e7a S\u00e1enz Pe\u00f1a. <a href=\"https:\/\/megaodontorj.wordpress.com\/wp-admin\/post.php?post=15&amp;action=edit#\">Rua Major \u00c1vila, 242, loja L, Tijuca, Rio de Janeiro<\/a>. Veja o mapa abaixo.<br \/>\n<!--more--><\/p>\n<p><iframe loading=\"lazy\" style=\"border: 0;\" src=\"https:\/\/www.google.com\/maps\/embed?pb=!1m14!1m8!1m3!1d14699.096245796687!2d-43.233141!3d-22.921703!3m2!1i1024!2i768!4f13.1!3m3!1m2!1s0x0%3A0xaaa88c73cf519bf9!2sMegaodonto+Assist%C3%AAncia+T%C3%A9cnica+Odontol%C3%B3gica+Com%C3%A9rcio!5e0!3m2!1spt-BR!2sbr!4v1532299621681\" width=\"600\" height=\"450\" frameborder=\"0\" allowfullscreen=\"allowfullscreen\"><\/iframe><\/p>\n","protected":false},"excerpt":{"rendered":"<p>\u00c9 muito f\u00e1cil. Metr\u00f4 e \u00f4nibus s\u00e3o as op\u00e7\u00f5es mais recomendadas. Estamos pr\u00f3ximo \u00e0 pra\u00e7a S\u00e1enz Pe\u00f1a. Rua Major \u00c1vila, 242, loja L, Tijuca, Rio de Janeiro. Veja o mapa abaixo.<\/p>\n","protected":false},"author":1,"featured_media":0,"parent":25,"menu_order":2,"comment_status":"closed","ping_status":"open","template":"page-templates\/full-width-page.php","meta":{"_joinchat":[],"footnotes":""},"class_list":["post-15","page","type-page","status-publish","hentry"],"_links":{"self":[{"href":"https:\/\/megaodonto.com.br\/index.php?rest_route=\/wp\/v2\/pages\/15","targetHints":{"allow":["GET"]}}],"collection":[{"href":"https:\/\/megaodonto.com.br\/index.php?rest_route=\/wp\/v2\/pages"}],"about":[{"href":"https:\/\/megaodonto.com.br\/index.php?rest_route=\/wp\/v2\/types\/page"}],"author":[{"embeddable":true,"href":"https:\/\/megaodonto.com.br\/index.php?rest_route=\/wp\/v2\/users\/1"}],"replies":[{"embeddable":true,"href":"https:\/\/megaodonto.com.br\/index.php?rest_route=%2Fwp%2Fv2%2Fcomments&post=15"}],"version-history":[{"count":4,"href":"https:\/\/megaodonto.com.br\/index.php?rest_route=\/wp\/v2\/pages\/15\/revisions"}],"predecessor-version":[{"id":120,"href":"https:\/\/megaodonto.com.br\/index.php?rest_route=\/wp\/v2\/pages\/15\/revisions\/120"}],"up":[{"embeddable":true,"href":"https:\/\/megaodonto.com.br\/index.php?rest_route=\/wp\/v2\/pages\/25"}],"wp:attachment":[{"href":"https:\/\/megaodonto.com.br\/index.php?rest_route=%2Fwp%2Fv2%2Fmedia&parent=15"}],"curies":[{"name":"wp","href":"https:\/\/api.w.org\/{rel}","templated":true}]}}