{"id":25,"date":"2015-07-15T19:57:28","date_gmt":"2015-07-15T19:57:28","guid":{"rendered":"http:\/\/megaodontorj.com.br\/?page_id=25"},"modified":"2026-02-07T18:30:40","modified_gmt":"2026-02-07T21:30:40","slug":"inicio","status":"publish","type":"page","link":"https:\/\/megaodonto.com.br\/","title":{"rendered":"In\u00edcio"},"content":{"rendered":"<blockquote>\n<p data-start=\"3696\" data-end=\"3867\">&#8220;Atendemos profissionais da odontologia com foco em equipamentos e solu\u00e7\u00f5es de imagem, combinando assist\u00eancia t\u00e9cnica, orienta\u00e7\u00e3o na compra e suporte direto ao profissional dentista.&#8221;<\/p>\n<\/blockquote>\n<p style=\"text-align: right;\"><strong>Jorge Sete, especialista t\u00e9cnico e l\u00edder da MegaOdonto<\/strong><\/p>\n<p style=\"text-align: right;\">\n","protected":false},"excerpt":{"rendered":"<p>&#8220;Atendemos profissionais da odontologia com foco em equipamentos e solu\u00e7\u00f5es de imagem, combinando assist\u00eancia t\u00e9cnica, orienta\u00e7\u00e3o na compra e suporte direto ao profissional dentista.&#8221; Jorge Sete, especialista t\u00e9cnico e l\u00edder da MegaOdonto<\/p>\n","protected":false},"author":1,"featured_media":179,"parent":0,"menu_order":0,"comment_status":"open","ping_status":"open","template":"page-templates\/front-page.php","meta":{"_joinchat":[],"footnotes":""},"class_list":["post-25","page","type-page","status-publish","has-post-thumbnail","hentry"],"_links":{"self":[{"href":"https:\/\/megaodonto.com.br\/index.php?rest_route=\/wp\/v2\/pages\/25","targetHints":{"allow":["GET"]}}],"collection":[{"href":"https:\/\/megaodonto.com.br\/index.php?rest_route=\/wp\/v2\/pages"}],"about":[{"href":"https:\/\/megaodonto.com.br\/index.php?rest_route=\/wp\/v2\/types\/page"}],"author":[{"embeddable":true,"href":"https:\/\/megaodonto.com.br\/index.php?rest_route=\/wp\/v2\/users\/1"}],"replies":[{"embeddable":true,"href":"https:\/\/megaodonto.com.br\/index.php?rest_route=%2Fwp%2Fv2%2Fcomments&post=25"}],"version-history":[{"count":4,"href":"https:\/\/megaodonto.com.br\/index.php?rest_route=\/wp\/v2\/pages\/25\/revisions"}],"predecessor-version":[{"id":173,"href":"https:\/\/megaodonto.com.br\/index.php?rest_route=\/wp\/v2\/pages\/25\/revisions\/173"}],"wp:featuredmedia":[{"embeddable":true,"href":"https:\/\/megaodonto.com.br\/index.php?rest_route=\/wp\/v2\/media\/179"}],"wp:attachment":[{"href":"https:\/\/megaodonto.com.br\/index.php?rest_route=%2Fwp%2Fv2%2Fmedia&parent=25"}],"curies":[{"name":"wp","href":"https:\/\/api.w.org\/{rel}","templated":true}]}}